s = 0. Let g be 6 + l + r + -2. Give x(g).
2
Let j(u) = 59*u - 3 - 54*u + 8*u**2 + 2 - 7 + u**3. Determine j(-7).
6
Suppose -2*j + 2 + 2 = -4*d, 3*d - 15 = -3*j. Let g(c) = -c**3 + 4*c**2 + 3*c - 4. What is g(j)?
8
Let d = -33 + 32. Let a(s) be the second derivative of -s**3/2 - s**2/2 + s. Give a(d).
2
Let j(u) = 3*u + 4. Let k be 4/(-5)*(-30)/4. Let c be (-3)/k*(1 + -1). Suppose c = 5*w - 3*d + 9, d - 4 = -2*w + 4*w. What is j(w)?
-5
Let r(d) = d**2 - 6*d. Let t = 16 + -4. Let z = t + -7. Calculate r(z).
-5
Let r(d) = -d**3 + 6*d**2 - 5. Let z(h) = 2*h**3 - 5*h**2 + 4. Let p(f) = -5*r(f) - 6*z(f). Suppose k - 4 = -3*k. Give p(k).
-6
Let s(p) = -p**2 + 2*p - 2. Suppose 0*b - b + 4 = n, n = b + 2. Determine s(n).
-5
Let j = 121/156 - -3/52. Let i(v) be the third derivative of 1/24*v**4 + 0*v + j*v**3 + 0 - v**2 - 1/60*v**5. Give i(4).
-7
Let p = 78 - 73. Let w(k) = -k**3 + 5*k**2 - 7*k + 6. Calculate w(p).
-29
Let b(u) be the second derivative of -u**5/120 + u**4/4 + u**3/3 - 5*u. Let n(t) be the second derivative of b(t). Give n(5).
1
Let g(f) be the third derivative of 0*f**4 + 0 + 1/60*f**5 + 7/6*f**3 - 2*f**2 + 0*f - 1/120*f**6. What is g(0)?
7
Let y(p) = -5 + 4 - 9 + p + 4. Let w = -5 + 7. Suppose w*j + 5*u - 12 = 15, 0 = 2*j - 3*u - 3. Give y(j).
0
Suppose 143*m - 140*m + 3 = 0. Let o(h) = -15*h + 1. Give o(m).
16
Let l(w) = -w**3 + 3*w**2 + 3*w - 3. Let u(a) = -4*a**3 + 8*a**2 + 10*a - 10. Let t(k) = -7*l(k) + 2*u(k). Let r be (0 + -1)/(2/10). Determine t(r).
6
Let k(o) be the third derivative of -11*o**6/120 - o**5/60 - o**4/24 - o**3/6 - 5*o**2. Give k(-1).
10
Suppose -w = 5*a + 2, -10 = -2*a + 8*w - 3*w. Let u = -4 + a. Let c(l) = -l + 1. Let n be c(u). Let z(b) = -2*b + 5. Calculate z(n).
-5
Suppose 0 = 4*l - 2*r - 34, -2*l - 2*r - 2*r - 8 = 0. Let i(x) = x**3 - 6*x**2 + x + 1. Give i(l).
7
Let d(p) = p**3 - 8*p**2 + 5. Let k = 16 - 8. Let s be d(k). Let j(v) = v + 2. Give j(s).
7
Let b(j) = j + 1. Let q(o) = -8*o - 1. Let u(f) = -6*b(f) - q(f). What is u(7)?
9
Let v(k) = -k. Let h(c) = 1. Let i(b) = h(b) + 3*v(b). What is i(3)?
-8
Let z(m) be the third derivative of -m**4/12 - 5*m**3/6 - 2*m**2. Suppose 3*a + 5 = 2*a. Determine z(a).
5
Let o(l) = -l + 1. Let t(b) = b**2 - b - 1. Suppose 0*p + 5 = -5*p. Let d be (1 + -2)/((-1)/p). Let i be t(d). Give o(i).
0
Let s(u) be the first derivative of u**2/2 + 5*u - 28. What is s(-3)?
2
Let t(u) = u**2 + 4*u + 3. Let n be -25*3*4/(-30). Let p be 12/(-36)*(n - 1). Determine t(p).
0
Suppose r - 17 - 1 = -5*p, -p = 3*r - 12. Let s(x) = -x**2 + 2*x + 2. What is s(r)?
-1
Let n(z) = z - 2. Let k(q) = 2*q - 2. Let y be k(4). Suppose -5*i - 2*v - y - 2 = 0, v = 1. What is n(i)?
-4
Let i = 114 - 118. Let q(s) be the second derivative of s**5/20 + s**4/6 - 7*s**3/6 - 5*s**2/2 - s. Calculate q(i).
-9
Let s(f) be the third derivative of f**7/1260 + f**6/180 + f**5/120 + f**4/24 - 5*f**2. Let k(b) be the second derivative of s(b). What is k(-3)?
7
Let j = 3 + 2. Let l(p) = p**3 - 5*p**2 - 2*p + 6. Give l(j).
-4
Let q(a) = -3*a**3 + 4*a**2 - 4*a + 2. Suppose -6*b = -5*b. Let c = b + 2. Calculate q(c).
-14
Let w = 39 + -46. Let g(x) = x**2 + 8*x + 9. Determine g(w).
2
Let d(i) be the third derivative of i**4/8 + 7*i**3/6 - 16*i**2. Give d(-5).
-8
Let v = 10 + -8. Let x(k) = 2 - v + k**2 - 5*k**3 - 1 + 4*k**3 + k. Determine x(2).
-3
Let s(z) = -2*z**3 - 4*z**2 - 3*z. Let i = -20 - -18. What is s(i)?
6
Let i(q) be the first derivative of -3*q**2/2 - 8*q - 8. Give i(-7).
13
Let n be (0/(-6))/(-2 - 0). Suppose -k = -4 - n. Let y(i) = -i + 2. Determine y(k).
-2
Let g(y) be the first derivative of y**3/3 - 2*y**2 - 6*y + 2. Suppose -5*u = -4*n + 5 - 49, 2*u + 44 = -4*n. Let c = -6 - n. What is g(c)?
-1
Let s(o) = 15*o - 7*o - 6*o + 8. Give s(-7).
-6
Suppose 3*z + 114 = -0*z. Let a be (-2)/10 - z/(-10). Let b(v) = -v**3 - 3*v**2 + 2*v - 2. Determine b(a).
6
Let t(i) = i**3 - 2*i**2 - 4*i + 1. Let v(y) = 5*y - 6. Let o(a) = -6*a + 7. Let r(d) = -4*o(d) - 5*v(d). Let l be r(0). Let b = l - -1. Determine t(b).
-2
Let d(h) = -3*h**3 - h**2 + 1. Let n be ((-1 - -1)/(-2))/1. Let u(t) = t**2 - 1. Let f be u(n). Determine d(f).
3
Let b(c) = c**3 - 3*c**2 - 8*c - 6. Let a be b(5). Let d(l) = l**3 - 3*l**2 - 5*l - 1. What is d(a)?
-5
Let l = 3 + 1. Let b(w) = -6*w**3 + 4*w**2 + 2*w + 14*w**3 - 4*w - 4 - 9*w**3. Calculate b(l).
-12
Let j(t) be the first derivative of 2 + t**2 + t + 4 - t. Calculate j(3).
6
Let v be 4/(-14) + 16/7. Suppose -6*w - 12 = -v*w. Let u(t) be the first derivative of t**2/2 - 3*t - 4. Give u(w).
-6
Let f(t) = 3*t - 5. Let w(d) = 4*d - 6. Let r(h) = -5*f(h) + 4*w(h). Calculate r(0).
1
Let s = -5 + 0. Let n = s + 4. Let d = n + 3. Let q(o) = o**3 - 3*o**2. What is q(d)?
-4
Let o(j) = 2*j + 4. Let u = -17 + 20. Suppose -5*d - 34 = u*k, d + 3*k + 6 = -8. Calculate o(d).
-6
Let r(j) = -j**2 + 6*j - 5. Let h be (33/4)/((-36)/(-96)). Suppose 3*a - h = -4*i + 2*i, 4*a = 5*i - 9. Give r(i).
0
Let n(v) = -v - 8 + 2*v**3 + v**3 - 2*v - 5*v**2 - 2*v**3. Calculate n(6).
10
Let f(i) be the second derivative of -i**5/5 - i**4/12 - i**3/6 + i**2/2 - 10*i. What is f(1)?
-5
Let p = -37 - -35. Let y(c) = -c**3 - 2*c**2 + 2*c + 1. Determine y(p).
-3
Let n(v) = v**2 + 1. Let s(r) = -3*r**2 - 2*r + 1. Suppose 0 + 6 = 3*f. Let u(d) = -2*d + 3. Let l be u(f). Let g(m) = l*s(m) - 2*n(m). Calculate g(-4).
5
Let j be (-4)/(-18) - (-25)/9. Let d(n) = 2*n - 8*n**2 + 5*n**2 + n**2 - n**3 + j. Suppose 6 = -y - 2*y. Determine d(y).
-1
Let y(q) = -6*q**3 + 2*q - 6 - q + 5. Determine y(1).
-6
Suppose 10 = -k + 4*a, -3*k + 4*a - 7 - 7 = 0. Let u(z) = z - 1. Let s(q) = q**2 + q - 1. Let x(w) = 2*s(w) - u(w). Determine x(k).
5
Let s(f) = -3*f - 2*f**2 - f**3 + 4*f + 0*f**3 - 1 + 0*f**3. What is s(-3)?
5
Let n(r) be the first derivative of -r**4/4 + 10*r**3/3 + 5*r**2 + 8*r - 26. Calculate n(11).
-3
Let j(o) = o - 4 - 2*o + 4*o + o**2. Give j(-4).
0
Let m(d) = -d**3 + d - 2. Let g be ((-48)/20 - -2)*(5 - 0). Determine m(g).
4
Let z(m) = m**3 - m**2 - m. Let q(x) = 7*x**3 - 8*x**2 - 9*x. Let j(p) = q(p) - 6*z(p). Let s = -2 + 2. Suppose s = b - 2*b + 3. Calculate j(b).
0
Let z(i) = i**2 + i - 1. Let b be ((-2)/1)/(1/(-2)). Suppose -o = b*o. Give z(o).
-1
Let h(b) be the second derivative of 0 - 4*b - b**3 + 5/2*b**2 - 1/12*b**4. Calculate h(-6).
5
Let y = 4 - 2. Let h(j) = -j**3 + 4*j**2 - 2*j + 2. What is h(y)?
6
Let p(k) be the second derivative of k**5/20 - k**4/6 - k**3/3 - k**2/2 + 2*k. Let j be 1 - (-1 - (3 + -3)). Let f be (-2 - 1) + j + 3. Calculate p(f).
-5
Let z(y) be the second derivative of y**7/2520 - y**6/240 + y**5/60 - y**4/4 - y. Let u(k) be the third derivative of z(k). What is u(3)?
2
Suppose -p - 1 = -2*p. Let i be ((-5)/5)/(p/3). Let c(d) = -d + 2. Give c(i).
5
Let j = 20 + -14. Let m(p) = p**2 - 5*p - 2. Give m(j).
4
Let o(n) be the first derivative of -n**4/4 + 2*n**3/3 + n**2/2 - n + 5. Give o(2).
1
Let d(r) = 5*r**2 - 3 - 1 - 6*r + r**3 + 0. Give d(-6).
-4
Let g(r) = -24 - r + 2*r + 2*r**3 + 23 - 3*r**3. Suppose 0 = 5*s - 5*k - 30, 8 = 3*s - 0*s + 2*k. Suppose -3 = -s*y + y. Calculate g(y).
-1
Let b(x) be the first derivative of -1 - 7*x - 1/2*x**2. Give b(-3).
-4
Let z be 1 + 0 + 1/(-1). Let t(j) = j**2 - 2*j - 1. Let i be t(-1). Let g(x) = 2 + i + 2 - x + 0. What is g(z)?
6
Let s(w) = w**3 - 4*w**2 + 4*w - 2. Let k be s(3). Let d = 9 + -7. Let v(r) = -r - r**2 + 2*r**2 + 6*r**d. What is v(k)?
6
Let h(x) = -2*x - 1. Let t(m) = -m**3. Let n be t(0). Suppose n = -5*c - 2 + 7. Give h(c).
-3
Let v be 3*1 - (-2 + 3). Suppose m = -v*m + 3. Let b(x) = 1 - 3*x**2 + 0*x**2 - 8*x**2. Determine b(m).
-10
Let i(g) = 3*g + 6. Suppose 0 = 3*y - 4*y - 5. What is i(y)?
-9
Suppose -5*u = -4*r + 19, 0 = 5*u + r + 9 + 5. Let f = u + 3. Suppose -5*y + f*y + 19 = 2*p, -5*y = -3*p - 34. Let d(g) = g**2 - 2. Calculate d(p).
7
Let p = 2 - 9. Let z(r) = -11*r - 15. Let t(u) = 6*u + 8. Let f(c) = p*t(c) - 4*z(c). Calculate f(3).
10
Let s(p) = -p**2 - 3*p + 4. Let u be (0 - -1) + (-2 - -4). Let c be 3 + (0 - 3/u). Suppose c*w + m - 6*m = 4, -3*w - 13 = 2*m. Calculate s(w).
4
Suppose 4*z = 2*w - 2, 2*z = -5*w + w + 4. Suppose 0 = -5*c - 4*t + 29, z = -c + 7*t - 3*t + 1. Let f(o) = o**2 - 6*o + 2. Calculate f(c).
-3
Suppose -d = 2*d +